-62 + y. What is the remainder when 17 is divided by s?
7
Suppose -384 = 4*h - 112. Calculate the remainder when h/(-3) + 12/(-18) is divided by (-10)/(-20) - 15/(-2).
6
Let o(p) = 2*p**2 + 5*p - 2. Suppose -287 = -9*q + 82. Suppose -q = 4*h + w - 113, -5*w = -20. What is the remainder when h is divided by o(-4)?
7
Suppose -l - 500 = -11*l. Calculate the remainder when l is divided by 18.
14
Let a = -63 + 69. Calculate the remainder when 61 is divided by a.
1
Let j(b) = 6*b + 20 + 5*b - 13*b**2 + 15*b**2. What is the remainder when j(-6) is divided by 9?
8
Suppose -7*y + 2*y = 25, 4*o = 4*y + 24. Calculate the remainder when (o - 0 - 2)*(-576)/9 is divided by 33.
31
Suppose -11*l + 8*l = -3. Calculate the remainder when (l*-2)/((-3)/36) is divided by 9.
6
Let n = -83 + -22. Let u = -99 - n. Suppose -5*j + 5*g + 7 = 2, 5*j - 11 = -g. What is the remainder when u is divided by j?
0
Suppose -m = -6*m + 2650. Suppose 0 = 6*v - m - 166. What is the remainder when v is divided by 39?
38
Suppose 3*a + 2 = 11. Suppose y + 232 = a*y. What is the remainder when y is divided by 39?
38
Suppose 3*f - 1 + 19 = 0. Calculate the remainder when 30 is divided by -3 - (-25)/15 - 56/f.
6
Suppose -12 = -4*l, -4*b + b + 30 = 5*l. Suppose 79 + 176 = b*z. What is the remainder when 100 is divided by z?
49
Let b = 5 + 43. What is the remainder when 287 is divided by b?
47
Let m = -470 - -476. Let u = 0 + -7. What is the remainder when (u + 8)/(1/9) is divided by m?
3
Let g = 2 - -27. Let l = g + -1. Calculate the remainder when l is divided by 17.
11
Suppose 2*c - 50 = -5*i + 3*i, -2*i = -c + 13. Suppose 3*p - 164 = p. Calculate the remainder when p is divided by c.
19
Suppose -j + 12 = -2*w, -4*j + j + 4*w = -30. Let o be -129*j/9 + -4. Calculate the remainder when o/((6 - 2)/(-2)) is divided by 12.
9
Suppose 5*g = -25, -g = 3*t + 2*g - 453. Let a = -105 + t. Let j(l) = 26*l**2 - l. What is the remainder when a is divided by j(-1)?
24
Suppose w + 0*g = 3*g - 1, -g = 4*w + 4. Let a be (-1 - w)*4/(-4). Suppose -4*l + 3*l = 5*y - 105, 4*l = a. Calculate the remainder when y is divided by 12.
9
Suppose -2*n = -n - 3, 4*q - 18 = 2*n. What is the remainder when 98 is divided by q?
2
Let r(k) = -6*k - 21. Calculate the remainder when 206 is divided by r(-7).
17
Suppose 3549 = 51*u + 642. Suppose 0 = 5*i + 10, -5*n - 2*i = 32 - 128. Calculate the remainder when u is divided by n.
17
Suppose -5*r - 2*w = -192, -5*r - 4*w + 188 = -6*w. Calculate the remainder when r is divided by 21.
17
Calculate the remainder when (31/3)/(9/27) is divided by 17.
14
Suppose 4*u - 5*u + 14 = x, -5*u = -5*x + 40. Calculate the remainder when 16 is divided by x.
5
Suppose -4*c - 26 = -2*m + 96, 3*m = 4*c + 175. Suppose 4*d = -0 + 36. Calculate the remainder when m is divided by d.
8
Calculate the remainder when 161 is divided by -1 - 3*3*160/(-24).
43
Suppose 6*b + 26*b = 4352. What is the remainder when b is divided by 43?
7
Suppose 5*g - 88 = -n, -3*g = 25*n - 21*n - 63. What is the remainder when 21 is divided by g?
4
Let v(q) = -2*q**3 + 20*q**2 - 31*q - 18. Calculate the remainder when 202 is divided by v(7).
25
Suppose 2*h = 3*h + g - 15, 0 = 5*h - 4*g - 39. Suppose 104 = -3*c + h*c. What is the remainder when 24 is divided by c?
11
Let k(n) = -n**3 + 22. Suppose -72*l - 6 = -70*l + 4*c, 2*l + 5*c + 12 = 0. What is the remainder when k(0) is divided by l?
4
Suppose -2*z + 4 = -r, 0 = 4*z - r + 6*r - 22. Let s = 3 - z. Suppose 2*b - 5*k = 4*b + 10, -4*b + 2*k + 28 = s. Calculate the remainder when b is divided by 3.
2
Let c(s) = s**3 - 8*s**2 + 11*s + 8. Let u = 9 + 10. Calculate the remainder when c(7) is divided by u.
17
Suppose 4*i - 140 = 24. Suppose -5*p + 123 = -17. What is the remainder when i is divided by ((-15)/20)/((-1)/p)?
20
Let a = -19 - -24. Suppose 0 = a*k + 42 - 2. Let w = 20 + k. Calculate the remainder when w is divided by 5.
2
Suppose 32 = -5*c + 57. Let q(s) = s + 52. Calculate the remainder when q(0) is divided by c.
2
Let g = -170 + 290. What is the remainder when 1678 is divided by g?
118
Let h = 109 + -111. Let p(i) = -6*i**3 - 4*i**2 - 2*i + 1. Calculate the remainder when 107 is divided by p(h).
33
Let r = 3 + 13. Calculate the remainder when (-902)/(-20) + 12/(-120) is divided by r.
13
Suppose -5*q - 5*j + 429 = -j, 335 = 4*q - 5*j. Suppose -51 - 6 = -3*g - 3*b, g - 25 = b. Calculate the remainder when q is divided by g.
19
Let v be (-1 - (-13 + 6 - -11)) + 183. Suppose 49 = -0*d - d. Let j = d + v. What is the remainder when j is divided by 33?
30
Let x(n) = n**3 + n + 23. Let a = 157 + -143. What is the remainder when x(0) is divided by a?
9
Suppose 89 = -c + 2*c + 3*w, 2*c - 168 = -w. What is the remainder when c is divided by 28?
27
Let a = -20 - -24. Suppose 4*k + 3*n = 119, 2*n - 62 = 2*k - a*k. Calculate the remainder when k is divided by 14.
12
Suppose 4*s = -4*o + 36, o - 18 = -3*s - 1. Suppose -5*u - b + 38 = -0, -s*b - 23 = -5*u. What is the remainder when 29 is divided by u?
1
Let h(k) = 16*k - 15. Let s be h(6). Suppose 0 = 4*m - s - 43. What is the remainder when 60 is divided by m?
29
Calculate the remainder when (-634)/(-6) + (-58)/87 + 2 is divided by 54.
53
Suppose -9 + 3 = -2*z. Suppose -z*j + 78 = 3*b, -3*b - j + 58 = -3*j. What is the remainder when 77 is divided by b?
11
Suppose 0 = q - 4*q + 468. Let w(k) = -540*k - 2660. What is the remainder when q is divided by w(-5)?
36
Suppose 0 = -4*j - 0*j - 64. Calculate the remainder when 73 is divided by (-1 - 155/(-4)) + 12/j.
36
Suppose 132 = -c + 159. What is the remainder when c is divided by 26?
1
Let p be 10/35 - (-36)/21. Let o be (p - 4) + 0 + 29. Calculate the remainder when (-4)/(-6)*o/2 is divided by 6.
3
Let h be (-2)/9 - (-26)/117. Let u(q) = -4*q + 18. What is the remainder when 71 is divided by u(h)?
17
Suppose -5*c - 17 = -4*x, 28 = -3*x - x - 4*c. What is the remainder when 28 is divided by 112/24 + (x/6)/(-1)?
3
Let z(d) = 141*d**2 - 2*d - 1. Let r be z(-1). Suppose -2*p + r = -20. Let l(k) = -7*k**2 - 37*k + 11. What is the remainder when p is divided by l(-5)?
18
Suppose 5*j = -6*d + 2*d + 135, 0 = 2*j + 10. Calculate the remainder when d is divided by 29.
11
Suppose -3*j + 3*p + 71 = -1, 0 = 3*j + 5*p - 88. Suppose -b + 5*m = -22 - 105, 2*b - 209 = m. What is the remainder when b is divided by j?
24
Let d = 7 - -18. Suppose 20*w + 15 = d*w. Suppose 38 = w*t - 2*s, 3*s - s = 5*t - 66. Calculate the remainder when 25 is divided by t.
11
Suppose 2*f = -2*b + 136, -3*b - 3*f - 131 = -5*b. What is the remainder when b is divided by 27?
13
Let t be (-3)/(-15) + 348/10. Suppose -28 = 4*x - 4*z, -4*z + 0*z = 3*x + t. Calculate the remainder when 13 is divided by 1 + 3*(-21)/x.
5
Suppose 4*o = 7*o - 12. Suppose -52 = -8*f + o*f. Calculate the remainder when 36 is divided by f.
10
Suppose 70 = 5*y + 5*w, y + 4*w - 11 + 0 = 0. Suppose 26 = 4*k - 3*a - 9, y = -3*a. Calculate the remainder when 17 is divided by k.
2
Let o be 94/18 - (-4)/(-18). Suppose o*x + 3*x - 312 = 0. What is the remainder when 110 is divided by x?
32
Let v(r) = -11*r - 17. Let y(i) = -3*i - 4. Let p(t) = 2*v(t) - 9*y(t). Let d be p(-4). Calculate the remainder when 22 is divided by 4/6 + (-96)/d.
4
Suppose -1395 = -5*u - 10*u. Calculate the remainder when u is divided by 18.
3
Let r(m) = -m**3 + 4*m**2 + 2*m + 1. Let s be r(4). Suppose 5 = 2*x + s. Calculate the remainder when 72 is divided by 296/12 - x/6.
22
Let a be 3 - (0 + 1 + 1). Let m be ((-1)/((-2)/82))/a. Suppose -4*s + p = -24 - 9, -3*s + 4*p = -m. What is the remainder when 11 is divided by s?
4
Calculate the remainder when 1151 is divided by (-2 - -8)/1 - (-84 - 6).
95
Suppose 2*z + 70 = 7*z. Suppose 4 = 4*t + 4*h, 3*t - 7*t + 31 = -5*h. What is the remainder when (106/t)/((-4)/(-8)) is divided by z?
11
Calculate the remainder when ((-575)/(-30))/(((-65)/(-150))/13) is divided by 48.
47
Suppose -5*t + 0*a = 5*a + 90, 72 = -4*t + a. Let y(f) = -3*f - 5. What is the remainder when y(t) is divided by 13?
10
Suppose 11*k + 756 = 2318. What is the remainder when k is divided by ((-15)/30)/((-1)/58)?
26
Let x = 1625 + -1563. What is the remainder when 1484 is divided by x?
58
Suppose 5*k = m + 487, 9*k - 11*k + 4*m + 184 = 0. What is the remainder when 192 